 x be f(-6). Suppose 201 = x*a + 3*z, 15*a - 4*z - 180 = 11*a. What is the remainder when 141 is divided by a?
45
Suppose t + 7 - 28 = 0. Suppose 54 = -18*d + 24*d. Suppose -d + 5 = p, -4*w + 3*p + 32 = 0. What is the remainder when t is divided by w?
1
Let m(c) = -c**3 + 20*c**2 + 43*c + 141. Let h be m(22). Suppose -g + 137 = 7*r - 11*r, -g + h = 2*r. What is the remainder when g is divided by 29?
9
Suppose -4*h = -3*g - h - 144, g + 5*h = -48. Calculate the remainder when 12 is divided by ((-4)/(g/15))/(5/20).
2
Let y be (-1)/(0 - (5 + -4)). Let t be (y - -2) + (1 + 41)/6. What is the remainder when 36 is divided by 4 - (-3 - (t - -2))?
17
Let c = -20 + 24. Suppose 1 = -s + 3*q, -5*s + 3 = -3*q - c. What is the remainder when 36 is divided by (3 + (-21)/9)/(s/39)?
10
Suppose -3*o - 3 = -24. Suppose 4*c - 95*h - 244 = -96*h, 0 = c - 4*h - 61. Calculate the remainder when c is divided by o.
5
Let b = 16 + 29. Let j = b - 13. Let n = -14 + j. What is the remainder when 71 is divided by n?
17
Suppose -7*p + 5*p = -90. Suppose -f + 5*m + 50 = -192, 3*f - 5*m = 776. Calculate the remainder when f is divided by p.
42
Let y(l) = -l**3 - 40*l**2 + 136*l + 361. Calculate the remainder when 179 is divided by y(-43).
59
Let j(q) = q**3 - 2*q**2 - 7*q + 4. Calculate the remainder when 217 is divided by j(5).
41
Let y(j) = j**2 - 6*j - 5. Let c be y(8). Calculate the remainder when 164 is divided by 134/c - 7/((-154)/(-4)).
8
Let k = 111 + -77. Let g(i) = 42*i - 3. Let u be g(-4). Calculate the remainder when ((-21)/(-9))/((-3)/u) is divided by k.
31
Let g = 2228 - 2183. Calculate the remainder when 165 is divided by g.
30
Suppose 1 = -2*r - 71. Calculate the remainder when -3 + (2 - (-112 + -4 - 2)) is divided by (0 + -5)/(258/r + 7).
27
Let d = -75950 + 76076. Let o(q) = -14*q**3 - q**2. What is the remainder when d is divided by o(-1)?
9
Let x = -7814 + 7829. Let m be (1 + 0 - 2)*-3. Suppose -m*y - 5*n + 154 = 0, 34 - 14 = -5*n. Calculate the remainder when y is divided by x.
13
Let c(b) = 4*b**2 + 9*b - 38. What is the remainder when c(3) is divided by 22?
3
Suppose -272*v + 9861 = -99*v. Calculate the remainder when 299 is divided by v.
14
Suppose -4*g + 938 = g + o, 2*g - 2*o = 380. Suppose g*l + 102 = 186*l. What is the remainder when 10/5 + -5 - l is divided by 26?
22
Let n(j) = -14*j + 44. Let g be n(2). Suppose 0 = g*m - 219 - 293. What is the remainder when 47 is divided by m?
15
Suppose -s + 1 + 11 = 0. Let y = -57 - -192. Let c = -53 + y. What is the remainder when c is divided by s?
10
Let a be 9*(3/(-3))/(-3). Suppose a*q + 0 = 6, 86 = m - q. What is the remainder when m is divided by 13?
10
Suppose 63*x = -65*x + 8071 + 6393. Calculate the remainder when 7456 is divided by x.
111
Suppose 147 + 133 = 5*h - 3*l, 2*l = 3*h - 169. Suppose -h = 6*q - 125. What is the remainder when 34 is divided by q?
10
Let z = -2388 - -2582. Calculate the remainder when z is divided by 12.
2
Let g = -30 - -666. Suppose -4*n = -0*n - g. Suppose -n = -5*b - 3*v, 3*b + 0*v - 91 = -4*v. What is the remainder when b is divided by 11?
0
What is the remainder when 300 + (-2 - 1) + 46 + -37 is divided by (-6)/(-2)*(-17 - -22)?
6
Let b(o) be the first derivative of -o**3/3 + o**2/2 + o + 17. Let j be b(0). Calculate the remainder when 63 is divided by 11 + j + (1 - 0).
11
Let a = 3707 + -3103. Calculate the remainder when a is divided by 201.
1
Let n = 2294 + -2208. Calculate the remainder when 515 is divided by n.
85
Let t = 294 + -361. Let d = t + 146. What is the remainder when d is divided by 14?
9
Let l(x) = x**2 + 7*x + 5. Suppose 40 = -4*q - 4*b, -3*b - 25 = 6*q - 4*q. Let c be l(q). Calculate the remainder when 71 is divided by (-1)/c + 623/35.
17
Let t(m) = m**3 - m**2 - 4*m + 4. Calculate the remainder when (5 - -35)*721/412 is divided by t(4).
34
Let y(q) be the third derivative of -5/24*q**4 + 8/5*q**6 + 1/60*q**5 + 0 + 0*q + 1/2*q**3 + 5*q**2. What is the remainder when y(1) is divided by 49?
44
Let i = 338 + -312. Suppose i*s = -14*s + 1080. What is the remainder when 93 is divided by s?
12
Let c(r) = r**2 + 7*r + 2. Let q be c(-5). Let i = 4 - q. Calculate the remainder when -30*49/(-11025) + (1312/(-30))/(-2) is divided by i.
10
Suppose 0 = -30*o + 34650 - 90. Calculate the remainder when o is divided by 166.
156
Let o(t) = 12*t**2 - 11*t + 10. Calculate the remainder when o(3) is divided by 20.
5
What is the remainder when 245 is divided by 320/(-60) + 1407/9?
94
Let c = -131 + 222. Let r(z) = 28*z + 34. Let p be r(-1). Suppose d - 72 = -3*a, -5*a - 7*d = -p*d - 118. What is the remainder when c is divided by a?
22
Let w(q) = -q**3 - 30*q**2 - 35*q + 242. Calculate the remainder when w(-29) is divided by 12.
8
Let v = 11 + -75. Let c = 77 - 14. Calculate the remainder when c is divided by 6/4*v/(-6).
15
Let k = -47 - -40. Let d(v) = 2*v + 119. What is the remainder when d(k) is divided by 57?
48
Let k(v) = 797*v**2 + 16*v + 37. Calculate the remainder when k(5) is divided by 131.
130
Let z(y) = 488*y + 11. What is the remainder when (1 - (-5)/(-1))*-4 is divided by z(0)?
5
Let q be 35/(-15) + 2/(-3). Let n(b) = 5*b**2 - 272*b - 87. What is the remainder when n(55) is divided by q/(-7) + (-1035)/(-35)?
18
Let v be (-214 - 3)/7 + 2/2. Suppose -25 = 5*r, -5*r + 9 = 4*k + 2. Calculate the remainder when (v/(-90))/((-1)/(-93)) is divided by k.
7
Let t(k) = -k + 15. Let q(d) = 4*d**3 - 17*d**2 - 21*d - 27. What is the remainder when q(6) is divided by t(10)?
4
Let m(s) = s**3 + 6*s**2 - 4*s - 3. Let p(k) = -28*k + 32. Let w be p(-16). Suppose -13*u = -u - w. Calculate the remainder when u is divided by m(-6).
19
Suppose -4 - 4 = 2*l, 2*m + 5*l + 90 = 0. Let d be ((-1)/(-5))/((-7)/m) - -9. What is the remainder when -1 + (-5)/(d/(-92)) is divided by 12?
9
Calculate the remainder when 222*(-3 + 14 - 5) + 0 is divided by 439.
15
Let w be 201/(-5 + 0 + (-33)/(-6)). Suppose -10*d + w = -7*d - 2*b, 0 = d - 2*b - 134. Calculate the remainder when d is divided by 46.
42
Suppose 346 = 5*s + 2*n, -s - 16*n + 59 = -19*n. Calculate the remainder when 331 is divided by s.
59
Let w(f) = -f**2 + 7*f - 7. Let r be w(5). Suppose -u + r = -11. Calculate the remainder when 21/(-42)*(-233 + -11 + -4) is divided by u.
12
Let s(n) = 17*n - 5 - 10*n - 2 + n**2. Let h be s(-7). What is the remainder when 1 - -81 - (9 + h) is divided by 41?
39
Suppose 0 = -2*n + 4*n - 298. Let u = -1791 + 1702. Let v = n + u. What is the remainder when v is divided by 23?
14
Let c(j) = 735*j**2 + 16*j + 16. Let l be c(-1). Suppose 4*a - q = 747, -a - 3*q = 3*a - l. Calculate the remainder when a is divided by 66.
54
Let l = 372 - 328. Suppose 4*j + 16 = -k + 88, -4*j = -5*k + 240. Calculate the remainder when k is divided by (l/16)/(0 - 2/(-8)).
8
Suppose -3*c - 5*a + 567 = 0, 2*a - 75 - 115 = -c. Let r(f) = -32*f**3 + 2*f**2 + 5*f + 3. Calculate the remainder when c is divided by r(-1).
24
Let n(c) = 67*c**2 + 81*c + 7. Suppose 0*t = -t + 12. Calculate the remainder when n(1) is divided by t.
11
Suppose -y + 0*y = -8. Suppose 5*b + 2*u = 439, 5*u - 18 = -8. Let x = 114 - b. Calculate the remainder when x is divided by y.
3
Let q = -62 + 320. Suppose 21*v + q = 24*v. Calculate the remainder when v is divided by 18.
14
What is the remainder when 125 is divided by (47 + (18 - 0))/1?
60
Calculate the remainder when 270 is divided by ((-664)/830)/(204/(-100) + (2 - 0)).
10
Suppose 8*d - 199 = 41. Suppose -d*h - 188 = -34*h. What is the remainder when h is divided by 13?
8
Let y = -5554 - -5574. Calculate the remainder when 438 is divided by y.
18
Suppose 0 = 9*f - 135 - 297. Suppose -33*y - 240 = -f*y. What is the remainder when 30 is divided by y?
14
What is the remainder when ((-4)/2 + 19*6/24)*196 is divided by 164?
47
Let h(f) = 24*f**2 + 40*f - 23. What is the remainder when 2790 is divided by h(10)?
13
Suppose -g - 5*w = 10 - 134, -317 = -3*g - 4*w. What is the remainder when 783 is divided by g?
90
Let g(c) = -c**3 + c**2 - 4*c - 3. Suppose -4*v + 5*t + 88 = -2*v, 106 = 2*v + 4*t. What is the remainder when v is divided by g(-2)?
15
Suppose f - 42 - 69 = 0. Let n = 14501 - 14472. What is the remainder when f is divided by n?
24
Suppose 48 = -913*p + 915*p. Suppose -32 = -g + 4*r, -p*r = g 